Suppose 0 = 11*b - n*b - 12. Calculate p(b).
-3
Let p(l) be the first derivative of -1/6*l**4 + 8*l - 7 + 4/3*l**3 - 7/2*l**2. Let r(n) be the first derivative of p(n). Give r(5).
-17
Let o(d) = -d**3 + 6*d**2 + 2*d - 7. Let a(v) = -v**2 - 20*v - 13. Let s be a(-19). Let y be o(s). Let u(g) = g**2 - 6*g + 1. Calculate u(y).
-4
Let c(v) = v**3 - 5*v**2 - 6*v + 4. Let m be 8/16 - (-33)/6. Calculate c(m).
4
Let h(z) = 5*z - 4. Let a be h(5). Let i = a + -15. Let q(l) = l - 1. Calculate q(i).
5
Let v(c) be the second derivative of c**5/20 - 11*c**4/12 + 3*c**3/2 + 13*c**2/2 - c + 36. What is v(10)?
3
Let r(o) = 5*o - 9*o - o**2 + 0 - 3. Let q(p) = 4*p**2 + 12*p + 9. Let w(a) = -2*q(a) - 7*r(a). Let s be 2/2 + (0 - 3). Give w(s).
-9
Let q(i) = i**3 + 15*i**2 - 17*i + 21. Let a be q(-16). Let g = 34 - a. Let m(x) = x**2 + 5*x + 2. Determine m(g).
-4
Let l(y) = 8*y + 1 + 14*y**2 - 7*y + 7*y**2 - 15*y**2 - y**3. Calculate l(5).
31
Let a(j) = -j - 15. Let k be a(-15). Let c be 10/10 + 0/2. Let g(h) = c + k*h - 6 - h - h. Calculate g(-6).
7
Suppose 0 = 234*y - 228*y - 48. Let q(r) = -r**3 + 9*r**2 - 5*r - 9. What is q(y)?
15
Suppose 3*w + 90 = 24. Let y = -24 - w. Let i(f) be the third derivative of -f**4/24 - f**3/3 + 2*f**2. What is i(y)?
0
Let i(b) = -b**2 + 3*b + 4. Suppose -32 = 6*g + 16. Let h(v) = v + 7. Let r be h(g). Let a be 6 + -7 + (r - -6). Determine i(a).
0
Let g = 47 - 42. Suppose -3*z - 4*x + 26 = 0, -5 - g = -2*x. Let k(r) = r**3 - r + 2. Give k(z).
8
Suppose 12 = 5*x - 8. Suppose 3*b - x*b = 0. Let o(k) = 9 + 4 - k**2 - 6. Give o(b).
7
Let r(z) = 4*z**2 - 2*z + 7. Let a(j) = 5*j**2 - 3*j + 7. Let b(o) = -3*a(o) + 4*r(o). Let k be 2 - (1 + -2 + 3). Calculate b(k).
7
Let w(m) = 6*m - 11. Let j be 0 - (-15)/(-3) - (-14)/2. Determine w(j).
1
Suppose -u + 0*u = w - 4, 4*u = 2*w - 32. Suppose 0 = 4*n - 4*l - w, 3*n = 4*n - 2*l - 7. Let p be (-10)/(-5) + n/(-1). Let s(g) = g**2 - 6*g + 2. Give s(p).
-3
Let n = 932 + -930. Let a(o) be the first derivative of -3*o - 8 + 1/2*o**n. Determine a(4).
1
Suppose -5*n + 5 = -15, 3*n = 4*q - 4. Let s(y) be the third derivative of -y**5/60 + y**4/8 - 7*y**2 - y. Give s(q).
-4
Let t(y) = -2*y**2 + 6*y + 4. Suppose -16 = d - 5*d. Suppose 0 = d*m - 5*l - 15, 4*l = -0*l + 4. What is t(m)?
-16
Let a(s) be the first derivative of -3*s**2/2 + 85*s - 129. Calculate a(26).
7
Let t(v) = -5*v - 11. Let s(z) = -5*z - 12. Let x(o) = -5*s(o) + 6*t(o). Let p(y) = -4*y - 5. Let n(j) = -6*p(j) + 5*x(j). Determine n(-1).
1
Let a(m) be the first derivative of -m**4/4 - m**3/3 - m**2 - m + 94. Give a(-2).
7
Let c(f) = 83*f - 1089. Let y be c(13). Let m(t) = -2*t. What is m(y)?
20
Suppose 73*k + 163*k = -71*k + 1228. Let j(n) = -6 + 4*n**2 + 0*n + 2 - 3*n - n**3. Determine j(k).
-16
Let q(v) = -9*v**2 + 2*v - 5. Let x(u) = 16*u**2 - 4*u + 9. Let d(n) = 7*q(n) + 4*x(n). Give d(-3).
16
Let h(x) be the first derivative of -x**4/2 + 25*x**3/3 - 13*x**2/2 + 10*x + 10. Let f be h(12). Let a(y) = y + 4. What is a(f)?
2
Let m = -577 + 579. Suppose -3*q = -4*q - 5*w + 3, -3*w = 4*q - 12. Let i(n) = 6 + 4*n - 6*n + 0*n**2 + n**q + n + 5*n**m. Give i(-5).
11
Let g(r) = r. Suppose 5*i = 5*f + i - 5, -3*f - i + 3 = 0. Let m be -4*f*2/(-4). Let u be m/(-6) - (-2)/6. Calculate g(u).
0
Let t(o) = -o**3 - 6*o**2 - 4*o + 4. Let y(p) = p**2 + 14*p - 19. Let h be y(-13). Let w = -37 - h. What is t(w)?
-1
Let c(d) = d - 6. Let o be c(7). Let h(q) = -39*q**3 + 24*q**2 - 22*q + 9. Let k(v) = -20*v**3 + 13*v**2 - 12*v + 5. Let f(b) = -6*h(b) + 11*k(b). Give f(o).
14
Suppose -3*x + 7 = 4*h, 9*h - 8*h = x + 7. Let z(d) = 2*d**2 + d + 4. What is z(h)?
40
Let n(y) = y**2 + 7*y + 3. Let u be (-2 - -4) + -3*1. Let c be u/(-2)*-2 + 22. Let z be 16/(-3) + 7/c. Determine n(z).
-7
Suppose 13*m = 28 - 2. Let b(n) = n**2 - 2*n + 5. Calculate b(m).
5
Let h(f) = f - 9. Let r(w) = 2*w**2 + 8*w - 29. Let v be r(3). What is h(v)?
4
Suppose -1 = -10*o - 51. Let f(u) = u**3 + 4*u**2 - 5*u - 1. What is f(o)?
-1
Let d(g) = 2 - 4 - 3*g + 2 - 5. Let b(p) = -2*p - 3 + 6 + 4. Let s be b(6). Give d(s).
10
Let k(l) = -l**3 - 7*l**2 - 3*l - 3. Let o(x) = x**3 - 14*x**2 + 21*x + 29. Let j be o(12). What is k(j)?
18
Let y(j) = j**3 + 0*j + j - 2*j**3 + 6 - j**2. Let p be (22/(-16) - 18/(-48)) + 1. Calculate y(p).
6
Suppose 29*g = 24*g. Let i(y) be the third derivative of y**9/60480 + y**6/60 + y**5/20 - 2*y**2. Let z(v) be the third derivative of i(v). Give z(g).
12
Let h(r) = r**2 - 2*r + 3. Suppose 0 = -11*z + 16 + 6. What is h(z)?
3
Let w(b) be the second derivative of b**4/12 + 7*b**3/6 - 13*b**2/2 + 2*b + 26. What is w(-11)?
31
Let i(r) = r. Let w = -6 - -10. Suppose -12 + w = 2*j. What is i(j)?
-4
Let x(n) = n**3 + 8*n**2. Suppose -5*t - 2*h - 2 = -16, -3*t - 2 = -4*h. Let a be (-32)/t*4/(2 - -6). What is x(a)?
0
Let j(o) = -3*o + 1. Let d be (-5 + 3)/(0 - -1). Let v(f) = -4*f + 1. Let u(i) = d*v(i) + 3*j(i). Suppose 0 = -4*t + w + 3*w - 20, w = -t - 7. Determine u(t).
7
Let q(x) = -12*x**2 + 9*x - 13. Let t(f) = -2*f**2 + f - 2. Let h(d) = q(d) - 5*t(d). Give h(4).
-19
Let s(p) = -4 - 2*p**3 + 3*p**2 - 4 + 6 + p**3 + 1. Determine s(2).
3
Let k(i) = -i**3 - 5*i**2 - 6*i - 6. Let o be k(-4). Let r(b) = -3 - 2 + b**3 - 5 + 13 - o*b**2 - 4*b. Suppose -4*g = 4, -6*f + 16 = -2*f - 4*g. What is r(f)?
0
Let u(g) be the first derivative of 2*g**3/3 - 6*g**2 - 11*g + 2. Let i be u(7). Let z(y) = 6*y**2 - 3*y - 2*y**2 - 2*y**2 - 2. Determine z(i).
7
Let p(k) = 2*k**2 + k - 5. Let d(u) = -2*u**2 - u + 4. Let z(y) = 5*d(y) + 4*p(y). Suppose -5 = -4*l + 3. Let o(i) = -4*i + 6. Let q be o(l). Determine z(q).
-6
Let k(r) = 2*r - 12. Suppose -1 = y - 3*a, -109*y + 113*y + 2*a - 24 = 0. Calculate k(y).
-2
Let f(b) = -5*b**2 + 12*b + 14. Let w(s) = 9*s**2 - 23*s - 22. Let h(d) = 7*f(d) + 4*w(d). Let u be (7/(-2))/(1/(-2)). What is h(u)?
3
Let p(v) = v**2. Let r(l) be the first derivative of 5*l**3/3 - 5*l**2/2 + 4*l + 1. Let z be (-4)/1 - 4/(44/(-33)). Let n(y) = z*r(y) + 3*p(y). Give n(3).
-7
Let q = -12 + 13. Suppose 5*n + q = -4. Let d(y) = 4*y. Calculate d(n).
-4
Let i(u) = 11*u + 4. Let z(g) = -10*g - 4. Let h(k) = -5*i(k) - 6*z(k). Suppose 6*b + 26 = 2*l, 5*l - 1 = -2*b - 38. What is h(b)?
-26
Let c(q) = 13*q + 16 - 14*q - 25. What is c(-16)?
7
Let r(x) = 6 - 3*x + 0 - x**2 - 2*x - 9. Let k(z) = -z + 12. Let w be k(7). Suppose -w = -3*i - 14. Give r(i).
3
Let a(o) = 5*o**3 + 3*o**2 - 4*o - 5. Let v(j) = 6*j**3 + 4*j**2 - 5*j - 6. Let c(x) = 5*a(x) - 4*v(x). Determine c(0).
-1
Suppose 6 = -4*l - l + 2*o, -4*o + 12 = l. Let m(s) = s + 16. What is m(l)?
16
Let s(z) = -z - 1. Let u(v) = 2*v**2 + 2*v + 6. Let t be u(-3). Suppose 12 = -p + t. Suppose 10*c = p*c - 16. Determine s(c).
3
Let o(u) be the third derivative of 3*u**5/20 - u**4/12 + u**3/6 + 67*u**2. Give o(2).
33
Let v = 745 + -751. Let j(t) = t. Let w(c) = c**2 + 7*c - 5. Let r(g) = 4*j(g) - w(g). What is r(v)?
-13
Let w be 1*(-11 - (-5 + (-4 - -4))). Let h(u) = -u**2 + 9*u - 4. Let y be h(8). Let d(n) = -9*n + 7 + 10*n + y - 3. Give d(w).
2
Let d(k) be the third derivative of k**4/6 - 7*k**3/6 + 115*k**2. Determine d(7).
21
Let f(m) be the first derivative of 0*m**2 - 23 + m - 5/3*m**3. What is f(-1)?
-4
Let z(w) = -w**2 + w. Let f(v) = -18*v**2 - 2*v - 7. Let i(q) = 9*q**2 + q + 3. Let o(d) = -3*f(d) - 7*i(d). Let y(b) = -o(b) - 2*z(b). Calculate y(1).
10
Let f = -26 + 31. Let p(r) = 3*r**2 + 19*r - 9. Let l(h) = -2*h**2 - 10*h + 5. Let c(u) = f*l(u) + 3*p(u). Let g(i) = 2*i - 5. Let m be g(5). Give c(m).
8
Let u(n) = -19*n - 5. Let g be u(-1). Let i = -13 + g. Let m(d) = 12*d**2 - d. Calculate m(i).
11
Let d(i) = -179*i + 7 + 93*i + 85*i - 18. Give d(-12).
1
Let m(z) = 6*z**3 - z. Suppose l = 5*g + 5*l + 80, 0 = -3*g + 4*l - 80. Let r = g - -21. Give m(r).
5
Let b(c) = -c**3 + 5*c**2 + 4*c + 3. Let n(q) = -2*q**3 + 22*q**2 - 57*q - 12. Let t be n(6). What is b(t)?
-9
Let g(v) be the third derivative of -v**4/24 - v**3 - 204*v**2. Give g(-6).
0
Let n(v) = -v**3 - v**2 + 5*v + 9. Let y(r) = -2*r**2 + 5*r - 7. Let z(x) = -x**2 + 3*x - 4. Let w(p) = -3*y(p) + 5*z(p). Let t(m) = n(m) - 4*w(m). Give t(-6).
11
Suppose 0 = 25*i - 20*i. Let k be 12/(-18) + 8/3. Let b(v) = -3*v**2 + 6*v**k - 2*v**2 - 4 - 3. What is b(i)?
-7
Let h(